36 = 4*o + o. Let k = o - -303. What is the units digit of k?
6
Let c(n) = 31*n**2 + 7*n - 5. What is the tens digit of c(-4)?
6
Let t be 28/(-8)*(-32)/28. Suppose -100 - t = -4*d. What is the tens digit of d?
2
Let b = -24 + 16. Let s(d) = 2*d**2 + 5*d - 24. What is the tens digit of s(b)?
6
Suppose -2*j + j + 412 = 4*b, 0 = -3*j. Let a = 191 - b. What is the units digit of a?
8
What is the units digit of 521*((-85)/(-119) - (-4)/14)?
1
Let d(j) = 2*j**2 - 8*j + 1. Let h be (-48)/(-84) - 272/(-14). Suppose -h = -5*v, -g - g = -5*v + 6. What is the units digit of d(g)?
3
What is the units digit of 122430/56 - 10/8?
5
Suppose 3*q - 15 = -3*w, 3*w - 16 = 2*q - 1. Suppose 4*u + 30 = -3*f, -6*f + f - w*u - 55 = 0. Let v = 24 + f. What is the tens digit of v?
1
Suppose 28 = 5*d - 2*n + 4*n, 36 = 5*d + 4*n. Suppose -17*m + 20*m + 3 = 0, -1052 = -4*l - d*m. What is the units digit of l?
4
Suppose -4*v + 4082 = -3*x + x, -x + 3 = 0. What is the tens digit of v?
2
Let j = 138 - 100. Suppose 361 = 3*d - j. What is the units digit of d?
3
What is the hundreds digit of (8 - 8 - 5) + 381?
3
Let r = 5790 + -2931. What is the tens digit of r?
5
Let u be -5*2/6*6. Let d be 365/u*(-3 + 1). Suppose -280 = -4*w + 2*x, 0 = -w + 4*x - 2*x + d. What is the units digit of w?
9
Suppose -2*u + 6 = 2*q, 2*u = -1 + 3. Suppose q*g - 45 = -3*g. What is the units digit of g?
9
Let s = -359 - -605. Suppose 0 = -2*b - b + s. What is the units digit of b?
2
Let y(o) = 123*o + 193. What is the hundreds digit of y(10)?
4
Let z(w) = w + 22. Suppose 9*i - 5 = 8*i. Suppose q - f + 17 = 0, 4*f + i = -q + f. What is the units digit of z(q)?
8
Let m(w) = -7*w**2 + 3*w + 10. Let v be m(8). Let c be (v/3)/(2/(-1)). Let s = c - 26. What is the units digit of s?
3
Let l = 63 + 80. Let g = 232 - l. What is the tens digit of g?
8
Suppose -3*r + 4*a = -r + 88, -2*r = 2*a + 70. Let u = 111 + r. What is the units digit of u?
3
Let i = -7 + 7. Suppose i = -3*d - 2*d. Suppose d = -6*o + 2*o + 4. What is the units digit of o?
1
Let o(w) = -3*w - 16. Let g be o(-7). Let t(y) be the second derivative of y**5/20 - 5*y**4/12 + y**3/6 + 2*y**2 + y. What is the units digit of t(g)?
9
Let w = 239 - 60. What is the hundreds digit of w?
1
Let g = 175 + -143. What is the units digit of g?
2
Let j be (-2 + 112/(-6))*48/(-32). Let m = 35 + j. What is the tens digit of m?
6
Let c be (-3 - (-3 - -1)) + 49. Suppose -4*q + q = -c. What is the tens digit of q?
1
Let s(d) = d**3 + 10*d**2 - 15*d - 15. Let f(w) = -w**2 + w - 1. Let g(h) = 5*f(h) + s(h). What is the units digit of g(-6)?
4
What is the units digit of (91/35 + -2)/((-2)/(-270))?
1
Let k = 3746 - 595. What is the units digit of k?
1
Suppose 3*m + 5*q = 5*m - 4074, 0 = -4*q - 16. What is the tens digit of m?
2
Suppose -19 - 5 = -6*k. Suppose -i = n + k*i - 4, 2*n - 8 = -5*i. What is the units digit of n?
4
Let m = -12 - -32. Suppose 4*p + 0*p - m = 0. Suppose p*h - 23 = -4*k + 123, 2*h = -k + 38. What is the units digit of k?
4
What is the units digit of 2752 + 6 + (-60)/(-12)?
3
Let g be ((-2)/2 - -2)/(-1). Let x be g*(-17)/(-4)*-8. Let b = 56 - x. What is the units digit of b?
2
Suppose -2*a = -c - 3*a - 7, 4*a = -20. Let l be (-3)/c + 75/10. What is the units digit of (-92)/(-9) + (-2)/l?
0
Let t = -4895 - -7471. What is the tens digit of t?
7
Suppose -2*g + 384 = -g - s, 1556 = 4*g + s. What is the hundreds digit of g?
3
Let r = 1 - 28. Let t = -43 - r. What is the units digit of (-12)/t*9*8?
4
Let n(z) = z**3 + 7*z**2 - 5*z + 2. Let u = -4 - 2. Let d be n(u). Suppose 0*i = 2*i - d. What is the units digit of i?
4
Suppose -6 = 3*u + 3*h - 45, -57 = -4*u - 3*h. Suppose 13*g - u*g = -600. What is the tens digit of g?
2
Let l(y) = -y. Let v be l(-5). Suppose 0 = 2*n + 3*n - v. Suppose -n = s + i, -5*s + 2 = i - 1. What is the units digit of s?
1
Suppose g = -4*v + 3425 + 529, -v + 4*g = -997. What is the hundreds digit of v?
9
Let r be 64/12 - 3/9. Suppose 6 = r*j - 3*j. Suppose -j*m = -k + 63, -4*k + 3*m = -189 - 45. What is the units digit of k?
7
Let b(l) = 15*l**3 + 3*l + 2. What is the hundreds digit of b(2)?
1
Suppose 0 = -2*h - 2*n + 3 - 1, -3*n = -4*h - 3. Let i(q) = -q**3 + q**2 - q + 78. Let a be i(h). Suppose -a = -5*s + 2*s. What is the tens digit of s?
2
Let m(y) = -y**3 - 7*y**2 + 8*y + 4. Let k be m(-8). Suppose 8 = k*f - 0. Suppose 0 = -f*z + s + 51, -3*z + 7*s - 3*s = -84. What is the units digit of z?
4
What is the hundreds digit of (-1 + 12)*(19 - (1 - -1))?
1
Let m(v) = 94*v + 3139. What is the units digit of m(0)?
9
Let l = 368 - 146. What is the tens digit of l?
2
Let p be 1/3 + (-32)/(-12). Suppose -4*c - 3*m = -1188, 0 = -3*c - 0*m + p*m + 912. Suppose 4*k + k = c. What is the units digit of k?
0
Suppose -5 = c, 5*d - 2*c - 580 = -c. Suppose -b + d - 26 = 0. What is the tens digit of b?
8
Suppose 5*f + 0*f - 5 = -5*z, 3*z = 5*f + 27. Suppose p = -z*p + 380. What is the units digit of p?
6
Let c = -4 - -8. Let w be c/(-2) - 4/(-1). What is the units digit of w - (-9 - -2) - 1?
8
Suppose -307 = -7*j + 323. Let v = 139 - j. What is the tens digit of v?
4
Let o(t) = 3*t**3 - 22*t**2 + 9*t + 5. Let g = -48 - -55. What is the tens digit of o(g)?
1
Suppose 0*v - 2*v + 24 = 0. Let l(w) be the second derivative of -w**4/12 + 2*w**3 + 7*w**2 + 4*w. What is the tens digit of l(v)?
1
Let o(q) = -q**3 + 8*q**2 + 8*q + 10. Let a be o(9). Suppose a = 5*d - 9, 3*w = -4*d + 206. What is the units digit of w?
6
Suppose 7*x + 28512 = 31*x. What is the tens digit of x?
8
Let a(l) = -l**3 - l**2 + l + 1. Let d(p) = -3*p**3 + 2*p**2 + 10*p + 10. Let w(h) = -4*a(h) + d(h). What is the units digit of w(-5)?
1
Let u = -1547 - -2737. What is the thousands digit of u?
1
Let l be 0 + 80 - (3 + (-10)/5). Let q = -14 + l. What is the units digit of q?
5
Let z be (8/10)/(18/45). What is the units digit of z/(-5) - 3348/(-45)?
4
Suppose 92 + 1056 = 7*z. What is the tens digit of z/(-10)*105/(-21)?
8
Suppose -5*o = -5866 - 3809. Suppose -9*z + o - 531 = 0. Suppose 16 = 4*k, 4*a = 5*k + z + 116. What is the tens digit of a?
7
Let x(f) = -1517*f + 86. What is the tens digit of x(-2)?
2
Suppose 32 = 4*h + 4*w, -4*w + 13 = 5*h - 31. Let u = 17 - h. Suppose 2*c - 33 = -0*c - u*j, -3*c + 5*j = -87. What is the tens digit of c?
2
Suppose 0*y - 6 = -2*y. Let r = -40 - -40. What is the units digit of y + r + 1 + -3?
1
Let b(c) = -c**2 + 6*c - 3. Let g(d) = -2*d**2 + 6*d - 4. Let p(u) = 3*b(u) - 2*g(u). Suppose 17*w - 53*w + 144 = 0. What is the tens digit of p(w)?
3
What is the units digit of (214 + 2 + -3)*2?
6
Let y be 6/((-6)/9 + (-17)/(-12)). Suppose -4*l - y + 64 = 0. What is the tens digit of l?
1
What is the tens digit of ((-1595)/44)/(-3 + (-1388)/(-464))?
0
Let z = 3 + -5. Suppose h - 5*p - 17 = 0, -h + 13 = 2*h + 4*p. What is the units digit of (2 + -10)*h/z?
8
Let c = 782 - 528. What is the units digit of c?
4
Suppose -n = u - 450, 4*u - 3*n - 1862 + 34 = 0. What is the tens digit of u?
5
Let m = -13 + 13. Suppose -2*w + 82 - 3 = -5*y, m = -4*w + y + 203. Let p = w - 31. What is the units digit of p?
1
Let s = -104 + 110. Let l(m) = 18*m + 16. What is the units digit of l(s)?
4
Let u(y) = y**3 - 54*y**2 + 113*y - 19. What is the tens digit of u(52)?
4
Let l be -59 + 9/(-5 + 2) + 1. Let x = 41 - l. What is the tens digit of x?
0
Suppose -2*r + 47 = 167. Let t = r + 103. What is the units digit of t?
3
Suppose 15*p - 150 = 5*p. What is the tens digit of 1048/p - (-10)/75?
7
Let z(f) = f**2 - 23*f + 14. What is the hundreds digit of z(39)?
6
What is the units digit of (-40)/180 + (-11324)/(-9)?
8
Let y be 575/45 + 6/27. Let h(z) = z**3 - 13*z**2 + 3*z - 14. What is the tens digit of h(y)?
2
Suppose 0 = -r - 4*y + 472 + 827, 2*r + 2*y = 2628. What is the hundreds digit of r?
3
Suppose -1 = 3*g - 10. Let b(i) = -i**3 + 8*i**2 - 16*i + 7. Let l be b(5). Suppose -2*x = r + l*x - 1, 24 = g*r + 5*x. What is the tens digit of r?
1
Suppose -4*u = 5*o - 7*u - 9, 1 = 3*o - 4*u. Suppose 304 = 4*i + 6*q - 9*q, -4*q = o*i - 228. What is the tens digit of i?
7
Let z(o) = -o**3 + 5*o**2 + 5*o + 9. Let j be z(6). Suppose 2*q = 2*f + 12, -j*f - 8 = -2*q + q. What is the units digit of q?
5
Let l(v) = -v + 4. Let y = -15 - -17. Let i be l(y). What is the units digit of i + 